{"id":70,"date":"2018-05-15T19:03:47","date_gmt":"2018-05-15T17:03:47","guid":{"rendered":"http:\/\/radiologie-cambrai.fr\/?page_id=70"},"modified":"2018-06-14T08:06:42","modified_gmt":"2018-06-14T06:06:42","slug":"sialographie","status":"publish","type":"page","link":"https:\/\/radiologie-cambrai.fr\/?page_id=70","title":{"rendered":"Sialographie"},"content":{"rendered":"<h1 style=\"text-align: center;\">Sialographie<\/h1>\n<h3 style=\"text-align: center;\"><strong>De quoi s\u2019agit-il\u00a0?<\/strong><\/h3>\n<p>&nbsp;<\/p>\n<p>La radiographie est obtenue apr\u00e8s injection d&#8217;un liquide opaque aux rayons X.<\/p>\n<p>&nbsp;<\/p>\n<p>La sialographie est l&#8217;\u00e9tude des canaux des glandes salivaires.<br \/>\nOn distingue la sialographie de la glande parotide qui est la glande situ\u00e9e derri\u00e8re la branche verticale du maxillaire inf\u00e9rieur (m\u00e2choire inf\u00e9rieure ou mandibule) et la sialographie de la glande sous maxillaire qui est la glande salivaire situ\u00e9e derri\u00e8re la branche horizontale du m\u00eame maxillaire.<\/p>\n<p>&nbsp;<\/p>\n<p><strong>Le d\u00e9roulement de l\u2019examen<\/strong><\/p>\n<p><strong>\u00a0<\/strong><\/p>\n<p>Le patient n&#8217;est pas obligatoirement \u00e0 jeun mais le m\u00e9decin peut le demander quand m\u00eame pour \u00e9viter tout vomissement.<\/p>\n<p>&nbsp;<\/p>\n<p>Vous devez\u00a0 apporter avec vous un produit de contraste\u00a0 obtenu sur ordonnance.<\/p>\n<p>&nbsp;<\/p>\n<p>Un citron. Ce fruit est utilis\u00e9 pour faire saliver.<\/p>\n<p>&nbsp;<\/p>\n<p>Une fois que le patient est install\u00e9, le radiologue lui demande d&#8217;ouvrir la bouche et injecte quelques gouttes de citron destin\u00e9es \u00e0 faciliter la visibilit\u00e9 du canal salivaire \u00e0 l\u2019aide d\u2019une seringue.<\/p>\n<p>&nbsp;<\/p>\n<p>Ensuite le radiologue met l&#8217;extr\u00e9mit\u00e9 arrondie d&#8217;une petite canule (un cath\u00e9ter) qui est reli\u00e9e \u00e0 un tuyau souple, tr\u00e8s fin et permettant de p\u00e9n\u00e9trer dans l&#8217;orifice du canal de la glande salivaire o\u00f9 l&#8217;injection de produit de contraste va \u00eatre effectu\u00e9e. Il est n\u00e9cessaire de signaler que ce geste est le plus souvent difficile. Quand il est impossible de r\u00e9aliser la sialographie celle-ci est remplac\u00e9e par un autre examen que ce soit une \u00e9chographie ou une imagerie par r\u00e9sonance magn\u00e9tique.<\/p>\n<p>Une fois que le cath\u00e9ter est introduit dans le canal salivaire, le radiologue injecte doucement le produit de contraste iod\u00e9, opaque aux rayons X. Le liquide se r\u00e9pand dans le canal puis dans toutes ses ramifications, ensuite il est proc\u00e9d\u00e9 \u00e0 la prise de clich\u00e9s radiographiques.<\/p>\n<p>&nbsp;<\/p>\n<p>L&#8217;examen dure environ 15 min puis le cath\u00e9ter est ensuite retir\u00e9, le patient peut alors se rincer la bouche, l&#8217;examen est termin\u00e9.<\/p>\n<p>&nbsp;<\/p>\n<p><strong>Indications<\/strong><\/p>\n<p>&nbsp;<\/p>\n<p>La sialographie a pour but essentiellement de visualiser une lithiase c&#8217;est-\u00e0-dire un calcul salivaire dans un des canaux excr\u00e9teurs. Le canal de Wharton, pour la glande maxillaire et le canal de St\u00e9non, pour la glande parotide.<\/p>\n<p>&nbsp;<\/p>\n<p>La sialographie peut \u00e9galement \u00eatre pratiqu\u00e9e quand il existe une s\u00e9cheresse de la bouche (hyposialorrh\u00e9e).<\/p>\n<p>&nbsp;<\/p>\n<p><strong>Contre-indications<\/strong><\/p>\n<p>&nbsp;<\/p>\n<p>La quantit\u00e9 de rayons X que re\u00e7oit le patient pendant la sialographie n&#8217;est pas tr\u00e8s importante. N\u00e9anmoins \u00e9tant donn\u00e9 qu&#8217;il existe des risques li\u00e9s \u00e0 la dose de rayons pour le f\u0153tus, on demande \u00e0 la femme enceinte, durant l&#8217;examen, de porter un tablier de plomb qui la prot\u00e8ge contre les rayonnements nocifs pour l&#8217;enfant.<\/p>\n<p>&nbsp;<\/p>\n<p>En cas d\u2019allergie \u00e0 l\u2019iode, un traitement pr\u00e9ventif vous sera prescrit durant les trois jours avant l\u2019examen.<\/p>\n<p>&nbsp;<\/p>\n<p><strong>Effets secondaires<\/strong><\/p>\n<p>&nbsp;<\/p>\n<p>L&#8217;examen en lui-m\u00eame est indolore. L&#8217;injection du produit de contraste s&#8217;accompagne le plus souvent d&#8217;une sensation de chaleur et de dilatation de la glande salivaire. Cette impression diminue puis dispara\u00eet assez rapidement. Un gonflement plus ou moins important de la glande salivaire est \u00e0 l&#8217;origine de douleurs. Celles-ci peuvent persister pendant quelques heures apr\u00e8s examen.<\/p>\n<p>&nbsp;<\/p>\n<p><strong>Y a-t-il des risques li\u00e9s \u00e0 l\u2019injection ?<\/strong><\/p>\n<p>&nbsp;<\/p>\n<p>Toute intervention sur le corps humain, m\u00eame conduite dans des conditions de comp\u00e9tence et de s\u00e9curit\u00e9 maximales, comporte un risque de complication.<\/p>\n<p>&nbsp;<\/p>\n<p><strong>R\u00e9sultats<\/strong><\/p>\n<p>&nbsp;<\/p>\n<p>Un premier commentaire pourra vous \u00eatre donn\u00e9 juste apr\u00e8s l\u2019examen. Il ne s\u2019agira l\u00e0 que d\u2019une premi\u00e8re approche, car les images doivent \u00eatre ensuite analys\u00e9es plus en d\u00e9tail par le m\u00e9decin radiologue. Le compte-rendu \u00e9crit sera disponible dans les meilleurs d\u00e9lais.<\/p>\n","protected":false},"excerpt":{"rendered":"<p>Sialographie De quoi s\u2019agit-il\u00a0? &nbsp; La radiographie est obtenue apr\u00e8s injection d&#8217;un liquide opaque aux rayons X. &nbsp; La sialographie est l&#8217;\u00e9tude des canaux des glandes salivaires. On distingue la sialographie de la glande parotide qui est la glande situ\u00e9e derri\u00e8re la branche verticale du maxillaire inf\u00e9rieur (m\u00e2choire inf\u00e9rieure ou mandibule) et la sialographie de [&hellip;]<\/p>\n","protected":false},"author":1,"featured_media":0,"parent":0,"menu_order":0,"comment_status":"closed","ping_status":"closed","template":"","meta":[],"_links":{"self":[{"href":"https:\/\/radiologie-cambrai.fr\/index.php?rest_route=\/wp\/v2\/pages\/70"}],"collection":[{"href":"https:\/\/radiologie-cambrai.fr\/index.php?rest_route=\/wp\/v2\/pages"}],"about":[{"href":"https:\/\/radiologie-cambrai.fr\/index.php?rest_route=\/wp\/v2\/types\/page"}],"author":[{"embeddable":true,"href":"https:\/\/radiologie-cambrai.fr\/index.php?rest_route=\/wp\/v2\/users\/1"}],"replies":[{"embeddable":true,"href":"https:\/\/radiologie-cambrai.fr\/index.php?rest_route=%2Fwp%2Fv2%2Fcomments&post=70"}],"version-history":[{"count":6,"href":"https:\/\/radiologie-cambrai.fr\/index.php?rest_route=\/wp\/v2\/pages\/70\/revisions"}],"predecessor-version":[{"id":322,"href":"https:\/\/radiologie-cambrai.fr\/index.php?rest_route=\/wp\/v2\/pages\/70\/revisions\/322"}],"wp:attachment":[{"href":"https:\/\/radiologie-cambrai.fr\/index.php?rest_route=%2Fwp%2Fv2%2Fmedia&parent=70"}],"curies":[{"name":"wp","href":"https:\/\/api.w.org\/{rel}","templated":true}]}}