{"id":34,"date":"2018-05-15T18:56:37","date_gmt":"2018-05-15T16:56:37","guid":{"rendered":"http:\/\/radiologie-cambrai.fr\/?page_id=34"},"modified":"2018-06-04T18:25:13","modified_gmt":"2018-06-04T16:25:13","slug":"scanner","status":"publish","type":"page","link":"https:\/\/radiologie-cambrai.fr\/?page_id=34","title":{"rendered":"Scanner"},"content":{"rendered":"<h1 style=\"text-align: center;\">Scanner<\/h1>\n<p>&nbsp;<\/p>\n<h3 style=\"text-align: center;\"><strong>De quoi s\u2019agit-il ?<\/strong><\/h3>\n<p>&nbsp;<\/p>\n<p>Cet appareil permet de faire des images en coupe du corps humain. Les renseignements apport\u00e9s par cet examen sont tr\u00e8s souvent d\u00e9terminants pour porter un diagnostic pr\u00e9cis.<\/p>\n<p>&nbsp;<\/p>\n<p>Le scanner utilise des rayons X. En mati\u00e8re d\u2019irradiation des patients, rien n\u2019a pu \u00eatre d\u00e9montr\u00e9 dans ce domaine compte tenu des faibles doses utilis\u00e9es et des pr\u00e9cautions prises pour limiter au strict minimum la zone examin\u00e9e. Toutefois, des pr\u00e9cautions concernant les femmes enceintes doivent \u00eatre prises syst\u00e9matiquement. C\u2019est pourquoi il est important de signaler si vous pouvez \u00eatre dans ce cas.<\/p>\n<p>&nbsp;<\/p>\n<p><strong>Le d\u00e9roulement de l\u2019examen<\/strong><\/p>\n<p>&nbsp;<\/p>\n<p>Vous serez allong\u00e9 sur un lit qui se d\u00e9place dans un large anneau, le plus souvent sur le dos et seul dans la salle d\u2019examen ; nous pourrons communiquer avec vous gr\u00e2ce \u00e0 un micro. L\u2019\u00e9quipe se trouve tout pr\u00e8s de vous, derri\u00e8re une vitre. Elle vous voit et vous entend, pendant tout l\u2019examen. Si cela \u00e9tait n\u00e9cessaire, elle peut intervenir \u00e0 tout instant.<\/p>\n<p>&nbsp;<\/p>\n<p>Selon la zone \u00e9tudi\u00e9e, vos bras seront le long du corps ou derri\u00e8re la t\u00eate. L\u2019examen est g\u00e9n\u00e9ralement rapide. Votre coop\u00e9ration est importante : vous devez essayer de rester immobile ; dans certains cas, nous vous dirons, \u00e0 l\u2019aide du micro, quand arr\u00eater de respirer pour quelques secondes.<\/p>\n<p>&nbsp;<\/p>\n<p>Vous resterez en moyenne 10 minutes dans la salle du scanner.<\/p>\n<p>&nbsp;<\/p>\n<p>Certains examens n\u00e9cessitent, selon les cas, une injection intraveineuse, le plus souvent au pli du coude, de boire un liquide opacifiant ou d\u2019avoir un lavement.<\/p>\n<p>&nbsp;<\/p>\n<p><strong>Quels produits utilise-t-on et que ressentirez-vous ?<\/strong><\/p>\n<p>&nbsp;<\/p>\n<p>Des produits \u00e0 base d\u2019iode, opaques aux rayons X, seront utilis\u00e9s. Le type de ces produits et leurs modalit\u00e9s d\u2019administration seront adapt\u00e9s \u00e0 votre cas par le m\u00e9decin radiologue. Ce choix d\u00e9pendra notamment des informations sur votre \u00e9tat de sant\u00e9 que vous aurez donn\u00e9es avant l\u2019examen.<\/p>\n<p>&nbsp;<\/p>\n<p>Vous ne ressentirez aucune douleur dans l\u2019immense majorit\u00e9 des cas. Cependant, en cas d\u2019injection intraveineuse, il n\u2019est pas rare de ressentir une sensation de chaleur au moment de l\u2019injection, ou encore un go\u00fbt bizarre dans la bouche.<\/p>\n<p>&nbsp;<\/p>\n<p>Il est conseill\u00e9 de bien boire (1,5 L environ), le jour de l\u2019examen afin de faciliter l\u2019\u00e9limination du produit.<\/p>\n<p>&nbsp;<\/p>\n<p><strong>Y a-t-il des risques li\u00e9s \u00e0 l\u2019injection ?<\/strong><\/p>\n<p>&nbsp;<\/p>\n<p>L\u2019injection est un acte tr\u00e8s courant, habituellement tr\u00e8s bien tol\u00e9r\u00e9. Cependant, comme avec les autres m\u00e9dicaments, des r\u00e9actions peuvent survenir :<\/p>\n<p>&nbsp;<\/p>\n<p>La piq\u00fbre peut provoquer la formation d\u2019un petit h\u00e9matome sans gravit\u00e9, qui se r\u00e9sorbera spontan\u00e9ment en quelques jours.<\/p>\n<p>&nbsp;<\/p>\n<p>Lors de l\u2019injection, sous l\u2019effet de la pression, il peut se produire une fuite du produit sous la peau, au niveau de la veine. Cette complication est rare (un cas sur plusieurs centaines d\u2019injections, g\u00e9n\u00e9ralement sans suites graves), et pourrait n\u00e9cessiter exceptionnellement un traitement local.<\/p>\n<p>&nbsp;<\/p>\n<p>L\u2019injection de produit iod\u00e9 peut entra\u00eener une r\u00e9action d\u2019intol\u00e9rance. Ces r\u00e9actions impr\u00e9visibles sont plus fr\u00e9quentes chez les patients ayant d\u00e9j\u00e0 eu une injection mal tol\u00e9r\u00e9e d\u2019un de ces produits ou ayant des ant\u00e9c\u00e9dents allergiques. Elles sont g\u00e9n\u00e9ralement transitoires et sans gravit\u00e9.<\/p>\n<p>&nbsp;<\/p>\n<p>Elles peuvent \u00eatre plus s\u00e9v\u00e8res, se traduire par des troubles cardio-respiratoires et n\u00e9cessiter un traitement. Les complications r\u00e9ellement graves sont rarissimes ; pour votre information, le risque de d\u00e9c\u00e8s est de moins d\u2019un cas sur 100 000, soit 14 fois moins que le risque d\u2019\u00eatre tu\u00e9 dans l\u2019ann\u00e9e lors d\u2019un accident de la route.<\/p>\n<p>&nbsp;<\/p>\n<p>Des accidents r\u00e9naux, \u00e9galement li\u00e9s au produit iod\u00e9, sont \u00e9galement possibles, notamment chez certains sujets atteints de maladies fragilisant le rein (insuffisance r\u00e9nale chronique, diab\u00e8te avec insuffisance r\u00e9nale, etc).<\/p>\n<p>&nbsp;<\/p>\n<p>Des modalit\u00e9s particuli\u00e8res seront observ\u00e9es en cas de facteurs de risques particuliers, qui seront identifi\u00e9s au moment du dialogue entre l\u2019\u00e9quipe et vous.<\/p>\n<p>&nbsp;<\/p>\n<p><strong>\u00a0<\/strong><\/p>\n<p><strong>IMPORTANT\u00a0:<\/strong><\/p>\n<p><strong>\u00a0<\/strong><\/p>\n<p><strong>Dans tous les cas, si vous pensez avoir un facteur de risque\u00a0:<\/strong><\/p>\n<p>&nbsp;<\/p>\n<ul>\n<li><strong>Si vous \u00eates allergique ou faites de l&#8217;asthme, une pr\u00e9m\u00e9dication vous a \u00e9t\u00e9 prescrite lors de la prise de rendez-vous. Veillez \u00e0 bien prendre ces m\u00e9dicaments les jours pr\u00e9c\u00e9dents l&#8217;examen, ils nous assureront que vous ne ferez pas de r\u00e9action au produit de contraste.<\/strong><\/li>\n<li><strong>Dans le cas d&#8217;un scanner avec injection de produit de contraste, si vous faites du diab\u00e8te et que vous prenez habituellement l&#8217;un de ces m\u00e9dicaments, veuillez ne pas les prendre 48 h avant et apr\u00e8s l&#8217;examen\u00a0:<\/strong><\/li>\n<\/ul>\n<p><strong><em>\u00a0\u00a0\u00a0\u00a0\u00a0\u00a0\u00a0\u00a0\u00a0\u00a0\u00a0\u00a0<\/em><\/strong><strong><em>Diabamyl \/ Eucreas \/ Glucophage \/ Glucovance \/ Janumet \/ Komboglyze \/ Metformine \/ Meldaspin \/ Stagid \/ Velmetia<\/em><\/strong><\/p>\n<p><strong>\u00a0<\/strong><\/p>\n<p>&nbsp;<\/p>\n<p><strong>R\u00e9sultats<\/strong><\/p>\n<p><strong>\u00a0<\/strong><\/p>\n<p>Un premier commentaire pourra vous \u00eatre donn\u00e9 juste apr\u00e8s l\u2019examen. Il ne s\u2019agira l\u00e0 que d\u2019une premi\u00e8re approche, car les images doivent \u00eatre ensuite analys\u00e9es sur un ordinateur par le m\u00e9decin radiologue. Le compte-rendu \u00e9crit sera disponible dans les meilleurs d\u00e9lais.<\/p>\n<p>&nbsp;<\/p>\n<p><strong>Apr\u00e8s votre retour \u00e0 domicile<\/strong><\/p>\n<p>&nbsp;<\/p>\n<p>Dans l\u2019immense majorit\u00e9 des cas, vous ne ressentirez rien de particulier. N\u2019h\u00e9sitez pas cependant \u00e0 signaler \u00e0 l\u2019\u00e9quipe tout \u00e9v\u00e9nement qui vous para\u00eetrait anormal.<\/p>\n<p>Si vous avez re\u00e7u une injection, pour acc\u00e9l\u00e9rer l\u2019\u00e9limination du produit, buvez de l\u2019eau abondamment (sauf r\u00e9gime particulier, dans les cas d\u2019insuffisance cardiaque ou r\u00e9nale).<\/p>\n","protected":false},"excerpt":{"rendered":"<p>Scanner &nbsp; De quoi s\u2019agit-il ? &nbsp; Cet appareil permet de faire des images en coupe du corps humain. Les renseignements apport\u00e9s par cet examen sont tr\u00e8s souvent d\u00e9terminants pour porter un diagnostic pr\u00e9cis. &nbsp; Le scanner utilise des rayons X. En mati\u00e8re d\u2019irradiation des patients, rien n\u2019a pu \u00eatre d\u00e9montr\u00e9 dans ce domaine compte [&hellip;]<\/p>\n","protected":false},"author":1,"featured_media":0,"parent":0,"menu_order":0,"comment_status":"closed","ping_status":"closed","template":"","meta":[],"_links":{"self":[{"href":"https:\/\/radiologie-cambrai.fr\/index.php?rest_route=\/wp\/v2\/pages\/34"}],"collection":[{"href":"https:\/\/radiologie-cambrai.fr\/index.php?rest_route=\/wp\/v2\/pages"}],"about":[{"href":"https:\/\/radiologie-cambrai.fr\/index.php?rest_route=\/wp\/v2\/types\/page"}],"author":[{"embeddable":true,"href":"https:\/\/radiologie-cambrai.fr\/index.php?rest_route=\/wp\/v2\/users\/1"}],"replies":[{"embeddable":true,"href":"https:\/\/radiologie-cambrai.fr\/index.php?rest_route=%2Fwp%2Fv2%2Fcomments&post=34"}],"version-history":[{"count":5,"href":"https:\/\/radiologie-cambrai.fr\/index.php?rest_route=\/wp\/v2\/pages\/34\/revisions"}],"predecessor-version":[{"id":307,"href":"https:\/\/radiologie-cambrai.fr\/index.php?rest_route=\/wp\/v2\/pages\/34\/revisions\/307"}],"wp:attachment":[{"href":"https:\/\/radiologie-cambrai.fr\/index.php?rest_route=%2Fwp%2Fv2%2Fmedia&parent=34"}],"curies":[{"name":"wp","href":"https:\/\/api.w.org\/{rel}","templated":true}]}}